b + l = -4*b + 97, -4*b = -5*l - 352. What is the greatest common factor of b and s?
31
Let u be ((-27)/6)/((-2)/4). Suppose -7 + 1 = -3*m. Let f be 24*((-6)/m)/(-1). What is the greatest common divisor of f and u?
9
Let q be (-5)/((-45)/(-66))*-3. Let p(i) = -15*i - 13. Let u be p(-17). What is the greatest common divisor of u and q?
22
Suppose 257 = 4*u + g, u = -4*u - 5*g + 325. Let p(c) = -11*c + 220. Let m be p(20). Suppose 2*z = -m*z + u. Calculate the highest common factor of 8 and z.
8
Suppose -2*v + 0*w = -4*w + 4, w = 2. Let a be (-81 + 0)/((-3)/v). Calculate the greatest common factor of 6 and a.
6
Let n = -991 - -1002. Let k be -1 + 18*(-147)/(-6). Suppose w - 6*w = -k. Calculate the greatest common divisor of n and w.
11
Suppose -4*i - m + 7 = -4, -10 = -4*i - 2*m. Suppose 6*u - 9*u + 35 = 5*j, -37 = -i*j - 5*u. What is the highest common factor of 20 and j?
4
Suppose -4*q - 3*p = -107, -8*q + 3*p - 78 = -11*q. What is the greatest common divisor of q and 145?
29
Suppose 21*q + 4751 = 13865. Calculate the greatest common divisor of 1 and q.
1
Let w = -599 - -969. What is the highest common factor of w and 222?
74
Suppose 3*v = 0, -30 = -5*y - 3*v - v. Let o be 26/(-234) + 304/(-18). Let p = 19 + o. What is the highest common factor of y and p?
2
Suppose 3*v + 2*c + 3*c + 120 = 0, 0 = v - 5*c + 40. Let g = 53 + v. Let p(m) = -40*m - 1. Let u be p(-1). What is the highest common divisor of u and g?
13
Let t(q) = 5*q + 62. Let l be 4/(-4 + ((-18)/(-5))/1). Let k be t(l). Calculate the highest common divisor of k and 30.
6
Let x = -45 + 84. Let t = -5 - -20. Suppose 5*c + t = 0, -3*g + 4*c = 6*c - 72. What is the highest common factor of x and g?
13
Let n = 8554 + -8545. Let z be ((-27)/(-2))/((-15)/(-20)). What is the highest common factor of z and n?
9
Let k = 23 - 34. Let r be (-2)/k - (-3952)/44. Suppose l + 1 = 0, 7*o = 2*o - 5*l + r. Calculate the greatest common divisor of o and 171.
19
Suppose -m = -5, -5*m + 10 + 22 = u. Calculate the highest common factor of u and 77.
7
Let h = 4452 + -4428. Let n(f) = 6*f**2 - 3*f - 3. Let z be n(3). Let v = z + -6. What is the highest common divisor of v and h?
12
Let i(c) = 3*c - 4. Let k(f) = -f - 1. Let g(s) = -i(s) - 4*k(s). Let u be g(3). Calculate the greatest common divisor of 99 and u.
11
Suppose -2*a = -z - 45, z + z + 67 = 3*a. Suppose 0 = 29*b - 11*b - 414. What is the highest common factor of a and b?
23
Let i(u) = -u**2 - u - 1. Let d be i(-2). Let a = d - -8. Let v be 7 + 5/(a/3). Calculate the greatest common factor of 15 and v.
5
Suppose 5*l = 2*l + 540. Suppose 0 = 2*h - d - 6, -5*h = -h - 4*d - 16. Let s be h + (-96)/(-4) + -4 + -2. Calculate the greatest common factor of l and s.
20
Let d be 3/6*369/(-27)*-30. Calculate the greatest common factor of 902 and d.
41
Let t be (-3*3/6)/(33/(-88)). Let d be 51/68*t/(-6)*-52. Let u(o) = 70*o - 2. Let f be u(3). Calculate the highest common factor of f and d.
26
Suppose -2*l = 4*u - 24, -3*l - u + 27 = -l. Suppose 10*a - l*a = -68. What is the greatest common divisor of 68 and a?
17
Let b be (9/(-18))/((-4)/184). Calculate the highest common divisor of 299 and b.
23
Let n = 3 + -98. Let a be (n/2)/((-1)/2). Calculate the greatest common factor of a and 19.
19
Let v(b) = -2*b**2 - 108*b - 40. Let z be v(-51). Calculate the highest common divisor of z and 76.
38
Let f = -53 + 57. Suppose 3*y = f + 8. Calculate the greatest common divisor of y and 2.
2
Suppose 6*o = 1066 + 986. Calculate the greatest common divisor of o and 6.
6
Suppose 79*l - 1037 - 385 = 0. Calculate the greatest common divisor of l and 846.
18
Let f(d) = 6*d**2 + 4*d + 5. Suppose 0*b - 14 = 7*b. Let u be f(b). What is the highest common factor of 168 and u?
21
Suppose -2*a - 5*u = -2 - 4, 3 = a + 4*u. Suppose o = a*o - 28. Suppose 3*t - 19 = 2. Calculate the greatest common factor of o and t.
7
Let l(p) = 7*p - 93. Suppose -6*s = -s - 70. Let n be l(s). What is the highest common factor of n and 25?
5
Let g(p) = p**2 - 9*p + 10. Let b be g(8). Suppose 0 = -z + b*z - 12. Calculate the highest common divisor of 24 and z.
12
Suppose 188 = -3*i - 2*f - 2*f, -191 = 3*i + f. Let w = -4 - i. Let o be 5 - (-3 + 1) - -5. Calculate the greatest common divisor of o and w.
12
Suppose 4*x = 5*j - 36, 0 = 11*j - 16*j - 3*x + 8. Suppose 0 = -i + 2, j = -l + 5*i + 59. What is the highest common divisor of l and 5?
5
Let j(i) = 136*i - 17. Let m be j(4). Calculate the highest common divisor of m and 62.
31
Let t(x) be the third derivative of 13*x**4/12 + 2*x**3/3 + 24*x**2. Let a be t(2). What is the highest common factor of 14 and a?
14
Let g = -58 + 94. Suppose 2*l + g = 6*l. Calculate the highest common factor of 36 and l.
9
Let u be 3*1*7/3. Suppose -2*z = 2*z - 4*w - 28, -49 = -4*z - 3*w. Suppose 2*q - z = 2*d, 20 = 4*q - u*d + 2*d. What is the greatest common factor of 10 and q?
5
Suppose 14*m - 3*n + 441 = 17*m, m + 2*n = 150. What is the highest common divisor of 612 and m?
36
Suppose 108 = -2*v + 146. What is the greatest common factor of v and 95?
19
Let y = 833 - 673. Calculate the greatest common factor of y and 1040.
80
Let f be 3/(((-21)/(-10))/(-7)). Let w be 3/(-3)*1*f. Let i = 22 - w. What is the greatest common factor of i and 18?
6
Let v = 29 + -25. Suppose -4*f = -0*f - 144. What is the greatest common divisor of v and f?
4
Let x(l) = -24*l**2 + 2. Let p be x(-2). Let c = -6 - p. Let q be (-6 - 1)/((-8)/c). Calculate the greatest common factor of q and 7.
7
Let q(v) = 2*v - 6. Let w be q(6). Let p be ((-558)/(-27))/(4/w). Let y = 59 - p. Calculate the highest common factor of y and 14.
14
Suppose -9*v + 23 + 373 = 0. Calculate the greatest common divisor of 66 and v.
22
Let i = 107 - 71. What is the highest common divisor of 45 and i?
9
Let i be 4 - 8 - (-20)/1. Let d = 172 + -251. Let n = i - d. What is the highest common divisor of n and 19?
19
Let z = 10 - 7. Suppose 4*s + 8 = -4*p, z*p = 4*s - 3 - 3. Let c = 18 + p. Calculate the highest common divisor of c and 80.
16
Suppose 0 = -4*i - 4, 3*i = -3*j - 18 - 39. Let u be (0 - 6/j)*276. What is the greatest common divisor of u and 69?
23
Let p be 2/((-2)/258*-6). Let j(o) = 39*o + 44. Let w be j(11). Calculate the greatest common factor of w and p.
43
Suppose 3*j + 5*a = 150, 2*j - 22 - 59 = 3*a. Calculate the greatest common divisor of j and 27.
9
Let p(j) = 10*j + 141. Let a be p(-11). What is the greatest common factor of 527 and a?
31
Suppose 8*t = 9*t - 80. Suppose -3*u + 8*u = t. What is the highest common divisor of 4 and u?
4
Let j = -24 + 40. What is the highest common factor of 24 and j?
8
Let l(m) = 8*m**2 + 4*m. Let i(f) = f**2 - f - 1. Let n(x) = -3*i(x) + l(x). Let u be n(-2). Calculate the greatest common factor of u and 27.
9
Let r(l) = 93*l**2 - 16*l - 1. Let o be r(-1). Calculate the greatest common divisor of o and 1152.
36
Let j = 16 + -13. Suppose 1 + 2 = -g, -j*g - 72 = -3*w. What is the greatest common factor of 14 and w?
7
Let n = 383 + -370. What is the greatest common divisor of 13 and n?
13
Let g(v) = v**3 - 9*v**2 - 10*v + 6. Suppose 2*b + 40 = 5*f, -f - f = -4*b. Let q be g(f). Calculate the highest common divisor of q and 18.
6
Suppose -5*f = 4*k + 33 - 152, -5*f + 131 = k. Let m = 1 + 35. Calculate the greatest common divisor of m and f.
9
Let q(h) = -h**2 - 11*h. Let w be q(-9). Suppose -w = -j - 2*j. Let r be (544/(-18))/(-1) - (-16)/(-72). What is the highest common factor of r and j?
6
Let q be -1*(0 + 5)*(16 - 33). What is the greatest common factor of 25 and q?
5
Let x be (-4)/(-5) - 282/(-10). Let h = x + -27. Suppose h*u - 35 = -7. Calculate the highest common factor of u and 7.
7
Let l be -2 - -1*15 - 2. Let o be l/(-33) + 26/6. Suppose 34 = 4*y + 3*n, -o*n + 33 = 2*y + 11. What is the greatest common factor of y and 49?
7
Let u = 1538 + -1498. What is the highest common divisor of u and 48?
8
Let k(r) = r**2 - 29. Let c be k(-6). What is the greatest common divisor of c and 56?
7
Suppose 3*l - 2*z - 28 = 0, 3*l - 35 = -2*z - 3. Calculate the greatest common divisor of 290 and l.
10
Let b(o) = o + 20. Let q be b(-6). Let y = 26 - q. Let k = y + -2. Calculate the highest common divisor of 2 and k.
2
Suppose 0 = 4*f - 4*l - 48, 0*l - 28 = -f - 3*l. Suppose f*w = 9*